-1804).
5, 73
Suppose 127*v = 119*v + 151168. Suppose -56*u + v = -12800. List the prime factors of u.
2, 283
Let a be (-278467)/98 + 2/4. What are the prime factors of (-5)/4 + a/(-4)?
709
Suppose 2347 = -3*c - 74. Let h be (-2 - c) + 0 - (9 - 10). Let t = -523 + h. List the prime factors of t.
283
Let o(v) = 967*v - 9090. List the prime factors of o(14).
2, 139
Let f(b) = b**3 - 4*b**2 + 17*b - 36. Let q be f(4). Let o = 410 + q. What are the prime factors of o?
2, 13, 17
List the prime factors of (3 + -4)*(-210870)/30.
3, 11, 71
Suppose 0 = 2*d - 4*t + 4, -5*d - 5*t + 49 = 14. Suppose 804 = d*x + 4*o, -x + 5*o + 188 = -25. Let r = x + -75. List the prime factors of r.
2
Let d be (12 - 21)*(5/(-3) - -3). Let r(u) = -28*u + 170. What are the prime factors of r(d)?
2, 11, 23
Suppose -550 = 6*g + 1454. Let o = g - -634. List the prime factors of o.
2, 3, 5
Let t be 19/6 + (-3)/36*2. Suppose 0 = -x - 4*p + 509, -p = t*x - 4*p - 1587. List the prime factors of x.
3, 5, 7
Let k(q) = 3*q**3 - 2*q**2 + 4*q - 2. Let b be k(2). Let a = 3992 - 3996. List the prime factors of (b - 24)*318/a.
3, 53
Suppose -2*u = -7*u - 10, 6246 = 2*c - 3*u. Suppose 11*m - 8*m - c = 0. Suppose 2*z = 4*n - 2*z - m, -5*n + 4*z + 1299 = 0. What are the prime factors of n?
7, 37
Let o be (-7)/(-14) + 2/((-4)/(-599)). What are the prime factors of o*(2 + (-20)/15)?
2, 5
Let q(j) = j**2 + 113*j + 534. Let t be q(-5). Suppose 5*z - 11 = -1. Let w = z - t. List the prime factors of w.
2
Suppose 4*w - 3*q = -140, -4*w + 0*q = 5*q + 172. Let v = w - -65. Suppose 0 = 9*c - 711 - v. What are the prime factors of c?
2, 41
Let i = 2415 + -1374. Suppose 4*n - i = n. Suppose -z + 48 = -3*w, -5*z - 52 = -4*w - n. What are the prime factors of z?
3, 7
Let l(h) = 701*h + 4415. List the prime factors of l(60).
5, 11, 13
Let g(x) = 11*x + 253. Let o be g(-23). Let p = -6 - -3. List the prime factors of -2*p/6*(o - -57).
3, 19
Let k(p) = -18*p**3 + 4*p**2 + 103*p + 33. What are the prime factors of k(-13)?
2, 3, 23, 47
Let i(r) = -11*r - 9. Let y be i(-1). Suppose 17*q = 5*o + 14*q - 1781, 3*q + 707 = y*o. List the prime factors of o.
2, 179
Suppose 4*g = 5*f - 16, 4*f - g - 18 = -3*g. Suppose 0 = h - f, -11*a - 2*h + 2480 = -7*a. List the prime factors of a.
2, 3, 103
Let m be 3/1 + -1 + 25. Suppose -2*k - 1 = 9, -f = 5*k + m. What are the prime factors of (f - 13)*(-364)/65?
2, 3, 7
Suppose 57*t - 269614 - 75632 - 199161 = 0. What are the prime factors of t?
9551
Let v(n) = -n**3 - n**2 + n. Let d be v(2). Let t(s) = -4*s + 264. List the prime factors of t(d).
2, 19
Let c = 167 + -165. Suppose 0 = -2*x + 4*m - 764 + 1934, 4*x + c*m - 2330 = 0. What are the prime factors of x?
11, 53
Suppose 37 = -4*x + 181. Let y = -92 + x. Let l = 65 + y. List the prime factors of l.
3
Let w = -1249 + 2618. Let k = -284 + w. What are the prime factors of k?
5, 7, 31
Let x(a) = 4*a**3 + 8*a**2 - 7*a + 18. Let j(u) = u**3 + 6*u**2 - 3*u - 13. Let t be j(-6). What are the prime factors of x(t)?
683
Let o(u) = 686*u**3 - 5*u**2 - 11*u + 87. List the prime factors of o(4).
43867
Suppose -5*v - 4871 = -5*p - 7*v, 3914 = 4*p - 7*v. What are the prime factors of p?
3, 5, 13
Let r(w) = 15*w**2 - 5*w + 4. Suppose 38*d - 33*d = -10. Let f(a) = a**3 + 3*a**2 + 6*a + 10. Let x be f(d). List the prime factors of r(x).
2, 3
Let w(j) be the first derivative of -j**3/3 + 65*j**2/2 + 123*j + 49. List the prime factors of w(28).
19, 61
Let w = -8 + 32. Suppose -w*r = -2391 + 471. What are the prime factors of r?
2, 5
Let c = -4180 + 29248. What are the prime factors of c?
2, 3, 2089
Let a = -58 + 23. Let j = -19 - a. Suppose -11*x = -j*x + 200. List the prime factors of x.
2, 5
Suppose 91 = -5*o - 3*q, o - 4*q + 23 = -3*q. Let s = o + 24. What are the prime factors of -12*s/(-64)*(188 - 0)?
3, 47
Let q = 19463 + 34912. What are the prime factors of q?
3, 5, 29
Let g = 30 - 9. Let f = -106 - -102. What are the prime factors of (g - f)/(2 + -1)?
5
List the prime factors of ((-110)/25)/((-267323)/(-89110) - 3).
2, 11, 19, 67
Let m be 6/7*4*56/64. List the prime factors of 2288/(40/5) + (m - 6).
283
Let s be (-18)/30 + (-32)/(-20). Let v be (-34615)/(-92) - s/4. Suppose -4*k = 5*f - 7*k - v, k = 2*f - 150. What are the prime factors of f?
2, 37
Let c(o) = 42*o**2 + 10*o + 78. What are the prime factors of c(-11)?
2, 5, 101
Let v(d) = -194 - 2*d**3 - 24*d**2 + 3*d**3 + d**3 + 2*d + 185. Let f(o) = o + 3. Let l be f(9). List the prime factors of v(l).
3, 5
Let d = -243 - -55. Let b = 203 - d. What are the prime factors of b?
17, 23
What are the prime factors of 6/8 - (-50698)/8?
2, 3169
Suppose 5*i = -4*b + 297504, 3*b - 107224 = 5*i - 404686. List the prime factors of i.
2, 3, 37, 67
Let k = 17 - -2. Suppose 17*f - k*f + 2 = 0. What are the prime factors of 6 - (3 - (5 - f))?
7
Suppose 97*u - 46*u = 59007. List the prime factors of u.
13, 89
Let v = -18 - -10. Let t be (-4)/(v/(-26)) + 0. What are the prime factors of (-399)/(-5) - t/65?
2, 5
Let g(k) = 2829*k + 185. What are the prime factors of g(1)?
2, 11, 137
Suppose 28 = 4*h, 5*m - 160245 = 3*h - 34051. What are the prime factors of m?
25243
Suppose -5*l = -9*l + 1008. Let x = -180 + l. Suppose -x*d + 68*d + 680 = 0. What are the prime factors of d?
2, 5, 17
Suppose -4*s - 29550 = -2*l, 3*l = -5*s + 34267 + 10124. What are the prime factors of l?
3, 31, 53
Suppose 21*n - 57 = 6. Suppose 1220 = 4*v + 4*d, -2*v - n*d + 485 = -125. What are the prime factors of v?
5, 61
Let a be ((-480)/(-36) - 4/(-6)) + 4. Let d(t) = t**3 - 15*t**2 - 13*t + 146. List the prime factors of d(a).
2, 13, 17
Let o(a) = 15*a + 214. Let j be o(-11). Let t(i) = -i + 2. Let q be t(2). Suppose -63 = -2*w + 5*v + j, -2*w - v + 124 = q. List the prime factors of w.
61
Let a = 5082 - -14398. What are the prime factors of a?
2, 5, 487
Let t = 313 + -286. Suppose 0 = -t*u + 8822 + 3355. List the prime factors of u.
11, 41
Let a be 70/(-28)*(-264)/(-30). What are the prime factors of (-84)/1*a*(-3)/(-6)?
2, 3, 7, 11
Suppose -3*h + 247 + 936 = -2*z, -5*z = 5*h - 1930. Let f = 510 - h. What are the prime factors of f?
7, 17
Let x(g) = -2*g**2 - 9*g - 1. Let z be x(-5). Let s be 0/(3/z*-4). What are the prime factors of 20 + -1 + 3 + s?
2, 11
Let h(y) = y + 34. Let v(m) = -12*m - 441. Let i(l) = 54*h(l) + 4*v(l). List the prime factors of i(19).
2, 3, 31
List the prime factors of (1 - -7) + (5650 - -67).
5, 229
Let b(a) = 796*a + 42. What are the prime factors of b(2)?
2, 19, 43
Suppose -13*g = -4*p - 17*g - 12, -3*g + 6 = 0. Suppose 0 = 2*r + 279 - 2125. List the prime factors of (-2)/(-5) - r/p.
5, 37
Let q = -5664 + 6772. What are the prime factors of q?
2, 277
Suppose -o + 333 = 4*t, -267 = -3*t + 4*o + o. Suppose 5*c + 10 = 0, 39*v - t = 37*v - c. What are the prime factors of v?
43
Let h(q) = q**2 - 8*q + 11. Let d be h(4). Let m(v) = 5*v**2 + 22*v + 17. What are the prime factors of m(d)?
2
Suppose p = 5*n - 0*n + 656, 2*p - 1312 = -3*n. Suppose 3*r + 3*k = 1113, -p - 455 = -3*r - k. What are the prime factors of r?
2, 5, 37
Let t be (8/6)/(32/2064). Suppose 7*b + t = -292. What are the prime factors of 180/b*(-114)/5?
2, 19
Let p be (-48)/18*(19 + 2). Let v = -54 - p. Suppose -a - 4*a = -v*l - 51, -6 = -3*l. What are the prime factors of a?
11
Suppose -y - 9 + 6 = 0, 14*v - y = 49997. List the prime factors of v.
3571
Let v(u) = 42*u**3 - 3*u**2 + 8*u - 9. Let z be v(2). Let r = z + -81. What are the prime factors of r?
2, 5
Let v(q) = -115*q - 565. Let z(h) = -56*h - 282. Let s(c) = -3*v(c) + 7*z(c). List the prime factors of s(-34).
1319
Let s(l) = -l**3 - l**2 - 2*l + 4. Let b be s(1). Suppose -6*h + 563 + 463 = b. What are the prime factors of h?
3, 19
Let b(l) = l**2 + 2*l - 1. Let a be b(-2). Let p be 298 - ((-6)/a)/(-3). Suppose -5*d + p = 4*z, -2*d - 2*d = -3*z - 209. What are the prime factors of d?
2, 7
Let r(w) = 2*w**2 + 24*w - 10. Let o(c) = 17*c - 18. Let h be o(2). Let j be (-21)/2*5/(60/h). List the prime factors of r(j).
2, 23
Let p = 51184 - 15705. What are the prime factors of p?
17, 2087
Let r(m) = 77*m - 154. What are the prime factors of r(36)?
2, 7, 11, 17
Suppose -6 = -w + 3*x + 1, -w + x + 9 = 0. Let h be 2/w - (-28)/10. Suppose -42 - 192 = -h*s. What are the prime factors o